{"id":302,"date":"2026-04-26T21:15:57","date_gmt":"2026-04-27T02:15:57","guid":{"rendered":"https:\/\/viaargentinaculturosa.com\/?post_type=actividad&#038;p=302"},"modified":"2026-04-26T21:19:52","modified_gmt":"2026-04-27T02:19:52","slug":"charlas-conciencia-en-el-barrio-residuos-dinamicos","status":"publish","type":"actividad","link":"https:\/\/viaargentinaculturosa.com\/?actividad=charlas-conciencia-en-el-barrio-residuos-dinamicos","title":{"rendered":"Charlas ConCiencia en el Barrio: Residuos Dinamicos"},"content":{"rendered":"\n<p>Con esta primera edici\u00f3n de <strong>Charlas ConCiencia en el Barrio<\/strong>, V\u00eda Argentina Culturosa inaugura un ciclo de encuentros para conectar a la comunidad con proyectos locales que usan la ciencia, la innovaci\u00f3n y las pr\u00e1cticas sostenibles para mejorar la vida cotidiana.<\/p>\n\n\n\n<p>El ciclo inicia junto a <strong>Residuos Din\u00e1micos<\/strong>, un proyecto que busca acercar la agricultura a la ciudad mediante la transformaci\u00f3n de residuos. Ser\u00e1 una oportunidad para conversar sobre nuevas formas de reducir el desperdicio, aprender del entorno urbano y repensar nuestra relaci\u00f3n con los recursos que usamos todos los d\u00edas.<\/p>\n\n\n\n<p>El nombre de este ciclo tambi\u00e9n nace del lugar que lo acoge, <strong>Barrio Pizza<\/strong>, un espacio de V\u00eda Argentina que abre sus puertas para que el barrio se encuentre alrededor de ideas, proyectos y conversaciones que aportan al bien com\u00fan.<\/p>\n\n\n\n<p>Esta actividad forma parte de nuestra <strong>Sala STEAM<\/strong>, la l\u00ednea de programaci\u00f3n de V\u00eda Argentina Culturosa dedicada a acercar ciencia, tecnolog\u00eda, arte, educaci\u00f3n ambiental y ciudadan\u00eda desde el territorio.<\/p>\n\n\n\n<p><strong>Fecha:<\/strong> martes 28 de abril<br><strong>Hora:<\/strong> 6:30 p.m.<br><strong>Lugar:<\/strong> Barrio Pizza, V\u00eda Argentina<\/p>\n\n\n\n<figure class=\"wp-block-image aligncenter size-full is-resized\"><img loading=\"lazy\" decoding=\"async\" width=\"1080\" height=\"1350\" src=\"https:\/\/viaargentinaculturosa.com\/wp-content\/uploads\/2026\/04\/arte-final-charla-1.png\" alt=\"\" class=\"wp-image-303\" style=\"width:630px;height:auto\" srcset=\"https:\/\/viaargentinaculturosa.com\/wp-content\/uploads\/2026\/04\/arte-final-charla-1.png 1080w, https:\/\/viaargentinaculturosa.com\/wp-content\/uploads\/2026\/04\/arte-final-charla-1-240x300.png 240w, https:\/\/viaargentinaculturosa.com\/wp-content\/uploads\/2026\/04\/arte-final-charla-1-819x1024.png 819w, https:\/\/viaargentinaculturosa.com\/wp-content\/uploads\/2026\/04\/arte-final-charla-1-768x960.png 768w, https:\/\/viaargentinaculturosa.com\/wp-content\/uploads\/2026\/04\/arte-final-charla-1-600x750.png 600w\" sizes=\"auto, (max-width: 1080px) 100vw, 1080px\" \/><\/figure>\n","protected":false},"excerpt":{"rendered":"<p>Charla ConCiencia en El Barrio con Residuos Dinamicos este Martes 28 de abril en Barrio Pizza, Via Argentina.<\/p>\n","protected":false},"featured_media":307,"template":"","sala":[21],"class_list":["post-302","actividad","type-actividad","status-publish","has-post-thumbnail","hentry","sala-sala-steam"],"blocksy_meta":[],"acf":[],"jetpack_sharing_enabled":true,"_links":{"self":[{"href":"https:\/\/viaargentinaculturosa.com\/index.php?rest_route=\/wp\/v2\/actividad\/302","targetHints":{"allow":["GET"]}}],"collection":[{"href":"https:\/\/viaargentinaculturosa.com\/index.php?rest_route=\/wp\/v2\/actividad"}],"about":[{"href":"https:\/\/viaargentinaculturosa.com\/index.php?rest_route=\/wp\/v2\/types\/actividad"}],"version-history":[{"count":3,"href":"https:\/\/viaargentinaculturosa.com\/index.php?rest_route=\/wp\/v2\/actividad\/302\/revisions"}],"predecessor-version":[{"id":308,"href":"https:\/\/viaargentinaculturosa.com\/index.php?rest_route=\/wp\/v2\/actividad\/302\/revisions\/308"}],"wp:featuredmedia":[{"embeddable":true,"href":"https:\/\/viaargentinaculturosa.com\/index.php?rest_route=\/wp\/v2\/media\/307"}],"wp:attachment":[{"href":"https:\/\/viaargentinaculturosa.com\/index.php?rest_route=%2Fwp%2Fv2%2Fmedia&parent=302"}],"wp:term":[{"taxonomy":"sala","embeddable":true,"href":"https:\/\/viaargentinaculturosa.com\/index.php?rest_route=%2Fwp%2Fv2%2Fsala&post=302"}],"curies":[{"name":"wp","href":"https:\/\/api.w.org\/{rel}","templated":true}]}}

<p>Con esta primera edición de <strong>Charlas ConCiencia en el Barrio</strong>, Vía Argentina Culturosa inaugura un ciclo de encuentros para conectar a la comunidad con proyectos locales que usan la ciencia, la innovación y las prácticas sostenibles para mejorar la vida cotidiana.</p>



<p>El ciclo inicia junto a <strong>Residuos Dinámicos</strong>, un proyecto que busca acercar la agricultura a la ciudad mediante la transformación de residuos. Será una oportunidad para conversar sobre nuevas formas de reducir el desperdicio, aprender del entorno urbano y repensar nuestra relación con los recursos que usamos todos los días.</p>



<p>El nombre de este ciclo también nace del lugar que lo acoge, <strong>Barrio Pizza</strong>, un espacio de Vía Argentina que abre sus puertas para que el barrio se encuentre alrededor de ideas, proyectos y conversaciones que aportan al bien común.</p>



<p>Esta actividad forma parte de nuestra <strong>Sala STEAM</strong>, la línea de programación de Vía Argentina Culturosa dedicada a acercar ciencia, tecnología, arte, educación ambiental y ciudadanía desde el territorio.</p>



<p><strong>Fecha:</strong> martes 28 de abril<br><strong>Hora:</strong> 6:30 p.m.<br><strong>Lugar:</strong> Barrio Pizza, Vía Argentina</p>



<figure class="wp-block-image aligncenter size-full is-resized"><img loading="lazy" decoding="async" width="1080" height="1350" src="https://viaargentinaculturosa.com/wp-content/uploads/2026/04/arte-final-charla-1.png" alt="" class="wp-image-303" style="width:630px;height:auto" srcset="https://viaargentinaculturosa.com/wp-content/uploads/2026/04/arte-final-charla-1.png 1080w, https://viaargentinaculturosa.com/wp-content/uploads/2026/04/arte-final-charla-1-240x300.png 240w, https://viaargentinaculturosa.com/wp-content/uploads/2026/04/arte-final-charla-1-819x1024.png 819w, https://viaargentinaculturosa.com/wp-content/uploads/2026/04/arte-final-charla-1-768x960.png 768w, https://viaargentinaculturosa.com/wp-content/uploads/2026/04/arte-final-charla-1-600x750.png 600w" sizes="auto, (max-width: 1080px) 100vw, 1080px" /></figure>
